{"id":49,"date":"2017-08-20T10:14:58","date_gmt":"2017-08-20T10:14:58","guid":{"rendered":"http:\/\/web.siebenzwerge-ev.de\/?page_id=49"},"modified":"2024-07-08T11:56:45","modified_gmt":"2024-07-08T11:56:45","slug":"wir-zwergeneltern","status":"publish","type":"page","link":"https:\/\/siebenzwerge-ev.de\/?page_id=49","title":{"rendered":"Elterninitiative"},"content":{"rendered":"<p>Unser Kindergarten ist eine Elterninitiative und f\u00fcr uns bedeutet es, dass Kindergartengeschehen auch Elternsache ist. Das kostet w\u00f6chentlich Zeit und setzt ein hohes Engagement voraus. Das Investieren von Zeit in die Umgebung und Betreuung, in der wir unsere Kinder \u00fcbergeben ist uns sehr wichtig.<\/p>\n<p>Wir Eltern arbeiten deswegen mit unserem Team Hand in Hand und nehmen&nbsp;als Mitglieder die Vereinspflichten wahr. Da eine K\u00f6chin und eine Reinigungskraft die Eltern entlastet, bleibt genug Zeit f\u00fcr unser Mitwirken in verschiedenen \u00c4mtern (Vom Rasenm\u00e4hen bis zum Einkaufsamt), die n\u00f6tigen Renovierungsarbeiten und regelm\u00e4\u00dfigen Elternabende.<\/p>\n<p>Da wir mit 20 Kindern ein kleiner Kindergarten sind, wechseln wir meist im j\u00e4hrlichen Turnus unsere \u00c4mter, so dass jeder auch mal andere T\u00e4tigkeiten \u00fcbernimmt, nat\u00fcrlich auch gern mal ein Vorstandsamt.<\/p>\n<p><span style=\"color: #003366;\"><strong><em>Das Engagement in der Gemeinschaft, das Arbeiten f\u00fcr, vor und mitunter auch mit den Kindern, verstehen wir als Werte, die wir unseren Kindern vorleben.<\/em><\/strong><\/span><br \/>\n<span style=\"color: #003366;\"><em><b style=\"color: #003366;\"> Wir begreifen die Elternschaft daher als Gemeinschaft und&nbsp;<\/b><span style=\"color: #003366;\"><b>unterst\u00fctzen<\/b><\/span><b style=\"color: #003366;\"> uns gegenseitig und unser Team sehen wir als Partner in der Erziehung.<\/b><\/em><\/span><\/p>\n","protected":false},"excerpt":{"rendered":"<p>Unser Kindergarten ist eine Elterninitiative und f\u00fcr uns bedeutet es, dass Kindergartengeschehen auch Elternsache ist. Das kostet w\u00f6chentlich Zeit und setzt ein hohes Engagement voraus. Das Investieren von Zeit in die Umgebung und Betreuung, in der wir unsere Kinder \u00fcbergeben &hellip; <\/p>\n","protected":false},"author":1,"featured_media":295,"parent":27,"menu_order":1,"comment_status":"closed","ping_status":"closed","template":"","meta":{"advanced_seo_description":"","jetpack_seo_html_title":"","jetpack_seo_noindex":false,"ngg_post_thumbnail":0,"jetpack_post_was_ever_published":false,"footnotes":""},"class_list":["post-49","page","type-page","status-publish","has-post-thumbnail","hentry"],"jetpack_sharing_enabled":true,"jetpack_shortlink":"https:\/\/wp.me\/P9634g-N","jetpack-related-posts":[],"post_mailing_queue_ids":[],"_links":{"self":[{"href":"https:\/\/siebenzwerge-ev.de\/index.php?rest_route=\/wp\/v2\/pages\/49","targetHints":{"allow":["GET"]}}],"collection":[{"href":"https:\/\/siebenzwerge-ev.de\/index.php?rest_route=\/wp\/v2\/pages"}],"about":[{"href":"https:\/\/siebenzwerge-ev.de\/index.php?rest_route=\/wp\/v2\/types\/page"}],"author":[{"embeddable":true,"href":"https:\/\/siebenzwerge-ev.de\/index.php?rest_route=\/wp\/v2\/users\/1"}],"replies":[{"embeddable":true,"href":"https:\/\/siebenzwerge-ev.de\/index.php?rest_route=%2Fwp%2Fv2%2Fcomments&post=49"}],"version-history":[{"count":11,"href":"https:\/\/siebenzwerge-ev.de\/index.php?rest_route=\/wp\/v2\/pages\/49\/revisions"}],"predecessor-version":[{"id":894,"href":"https:\/\/siebenzwerge-ev.de\/index.php?rest_route=\/wp\/v2\/pages\/49\/revisions\/894"}],"up":[{"embeddable":true,"href":"https:\/\/siebenzwerge-ev.de\/index.php?rest_route=\/wp\/v2\/pages\/27"}],"wp:featuredmedia":[{"embeddable":true,"href":"https:\/\/siebenzwerge-ev.de\/index.php?rest_route=\/wp\/v2\/media\/295"}],"wp:attachment":[{"href":"https:\/\/siebenzwerge-ev.de\/index.php?rest_route=%2Fwp%2Fv2%2Fmedia&parent=49"}],"curies":[{"name":"wp","href":"https:\/\/api.w.org\/{rel}","templated":true}]}}